culate the remainder when (h/16)/11 - (-186)/8 is divided by 8.
7
Let i be 22 - (-2 + 4) - 4. Calculate the remainder when ((-2)/(-1))/(i/32) + 99 is divided by 18.
13
Suppose 10*i + 302 = 552. What is the remainder when 117 is divided by i?
17
Suppose 5*i - 714 = -29*i. What is the remainder when 204 is divided by i?
15
Suppose -348 + 138 = -7*p. What is the remainder when 174 is divided by p?
24
Suppose 3 - 23 = -4*n. Let b(s) = s**2 - 6*s + 7. Let d be b(n). Suppose -5*h + 57 = d. What is the remainder when 41 is divided by h?
8
Let s(l) = l**2 + l + 7. Let d be s(5). Let u = 56 - d. Calculate the remainder when 3 - -1 - 0 - 69/(-1) is divided by u.
16
Suppose 408 = -4*b + 512. What is the remainder when 49 is divided by b?
23
Let f = -93 - -94. What is the remainder when 4 is divided by f?
0
Let r be (4 - 9)*-3*1. Suppose 2*x = g + 2*g - 25, -x + 2*g = r. Let q(m) = -m**3 - 3*m**2 + 3*m + 2. Calculate the remainder when q(x) is divided by 10.
7
Suppose 2472 + 354 = 18*w. What is the remainder when w is divided by 18?
13
Suppose -27 = -x + 9. Let a(o) = o + 76. Calculate the remainder when a(29) is divided by x.
33
Let p(b) = 28*b**3 - 3*b**2 + 3*b - 1. Let y be p(1). Suppose -28 = -5*u + y. What is the remainder when 53 is divided by u?
9
Let f(p) = -p**2 - 9*p - 10. Let i = 5 - 12. Let l be f(i). Suppose -4*n + 2*n = -5*o + 31, 0 = -l*o + 5*n + 35. What is the remainder when 19 is divided by o?
4
Let v be -1*2*(-9)/6. Let h(c) = c**3 - 2*c + 1. Let n be h(2). Suppose 28 = n*b + v. Calculate the remainder when 9 is divided by b.
4
Let s(b) = -3*b - 27. Let q be s(-10). Let u(n) = 6*n + 5. Let d(w) = -w + 6. Calculate the remainder when u(q) is divided by d(0).
5
Let n = -41 + 111. Let r = -2 + 5. Let x(s) = 3*s**2 - 4*s + 3. Calculate the remainder when n is divided by x(r).
16
Let h = -3 + 72. Let o = -56 + h. Suppose 0 = 4*i + 39 - 287. Calculate the remainder when i is divided by o.
10
Suppose 2*c + 20 - 32 = 0. What is the remainder when 394 is divided by c?
4
Let t = -29 - -97. Calculate the remainder when t is divided by 35.
33
Suppose -5*c + 56 = k, -5*c + 51 = -3*k - k. Let v(n) be the second derivative of -n**3/6 + 6*n**2 + n. What is the remainder when 3 is divided by v(c)?
0
Let b = 127 + -123. What is the remainder when 4 is divided by b?
0
Suppose 2*l = -9 - 1, -3*l + 189 = 3*p. What is the remainder when p is divided by 6?
2
Suppose -99 = -16*z - 35. Calculate the remainder when 108 is divided by z.
0
Let c(p) = 19*p. Suppose u - 4 = 3*n - 2, 5 = -5*n + 2*u. Let v = 311 - 274. Calculate the remainder when v is divided by c(n).
18
Suppose 184*d = 172*d + 1716. What is the remainder when d is divided by 73?
70
Suppose 10*j - 149 = j + 157. What is the remainder when j is divided by (-2 + -1 - 1)*-5?
14
Let c = 256 - 104. Calculate the remainder when c is divided by 11.
9
Suppose 287 - 179 = 9*o. Calculate the remainder when 104 is divided by o.
8
Calculate the remainder when 67 is divided by -54*4*7/(-84).
13
Let p(f) = -f**2 + 26*f - 70. Suppose 0 = -j + 2*j - 17. What is the remainder when p(7) is divided by j?
12
Suppose 5*s - 86 + 66 = 0. Suppose -74 = -3*w - 4*q + 237, 398 = s*w - 3*q. What is the remainder when w is divided by 26?
23
Suppose 255*q = 259*q - 328. What is the remainder when q is divided by 23?
13
Let r be 408/18 - (-3)/9. Let g = 21 - r. Calculate the remainder when 151 - (g + (-2 - -1)) is divided by 39.
37
Calculate the remainder when (-45)/6*20/(-30) - -23 is divided by 7.
0
Let z = -27 + 50. Calculate the remainder when 110 + 6/(-3) + (17 - (43 + -28)) is divided by z.
18
Suppose -4*d + 47 = -5*x + 8*x, 18 = 2*x - 4*d. What is the remainder when 75 is divided by x?
10
Let h(t) = t**2 - 7*t - 8. Suppose 9 = -4*o + 5*o. Let i be h(o). Suppose i = 5*z, b + 2*z - 6 = -0. Calculate the remainder when 2 is divided by b.
0
Suppose -4*a - 58 = m - 215, -2*m - 180 = -5*a. Let u be a*(1 + -5 + 6). Suppose -8*v = -4*v - u. What is the remainder when 36 is divided by v?
17
Let o(d) = 6*d**2 - d. Let c = 43 + -39. What is the remainder when o(-1) is divided by c?
3
Suppose 15*h + 1169 = 4484. Calculate the remainder when h is divided by 38.
31
Let u(n) = n**3 - 7*n**2 + 6*n - 1. Let s be u(4). Suppose -69*h + 70*h = 35. Let k = s + h. What is the remainder when 35 is divided by k?
5
Let z = 21 + 4. What is the remainder when 74 is divided by z?
24
Calculate the remainder when 568 is divided by 228*(-11)/(-264)*12.
112
Suppose -670 = -7*u + 2*u. Suppose c - 12 - u = 0. Suppose -3*f + c = n, 0*n = 4*f + 4*n - 184. Calculate the remainder when f is divided by 13.
11
Let a(v) = 17*v**3 + 2*v**2 + 3*v + 2. Let c be a(-1). What is the remainder when 74 is divided by 13*78/51 - c/136?
14
Let w(a) = a**3 + 11*a**2 - 14*a - 8. Calculate the remainder when ((-252)/16)/((-6)/24) is divided by w(-12).
15
Let b = -10 - -10. Let w = 9 + b. What is the remainder when 34 is divided by w?
7
Suppose 0*z = z + 9. Let q = z - -21. Let m(j) = 2*j**2 - 21*j + 100. Calculate the remainder when m(5) is divided by q.
9
Let n(u) = -481*u + 95. Calculate the remainder when n(-1) is divided by 192.
0
Suppose -814 = -21*c - 16*c. Suppose -2*i + a = -7*i + 164, a - 36 = -i. Let g = i - c. Calculate the remainder when 29 is divided by g.
9
Let p = -1664 - -1679. Calculate the remainder when (-21 + -1)*5/(-2) is divided by p.
10
Suppose -5*h + 530 = -0*h. Let o = h - 55. What is the remainder when o is divided by 27?
24
Let p = -1039 + 1216. What is the remainder when p is divided by 32?
17
Let y = 75 + 33. Calculate the remainder when 88 is divided by ((-10)/30)/((-2)/y).
16
Let a = 2 + 0. Suppose -2*o + 5*c = -56, -4*c + 72 = 5*o - a. Suppose -70 + 208 = 2*j. What is the remainder when j is divided by o?
15
Suppose 5*o = 5*t - 20, 2*t - 8*o - 5 = -3*o. Suppose 10 - 30 = -t*p. Let c = -3 - -17. Calculate the remainder when c is divided by p.
2
Suppose 2*r - 5*l - 186 = 0, l - 434 = -5*r - 2*l. Calculate the remainder when r is divided by 45.
43
Let g = -608 + 843. What is the remainder when g is divided by 80?
75
Suppose -t + 192 = -5*y, 5*t - 4*y - 494 = 361. What is the remainder when t is divided by 10?
7
Let n = -1 - -5. Let w = 19 - n. Suppose 5*r - 3*v - 24 - 10 = 0, 2*v - 44 = -5*r. Calculate the remainder when w is divided by r.
7
Suppose l - 17 = -3*g, 4*l - 107 = 8*g - 7*g. What is the remainder when 129 is divided by l?
25
Let x be 10/(-45) - (-272)/9. Suppose x + 62 = 2*a. What is the remainder when a is divided by -1 - -10 - (0 - 3)?
10
Let c be (-96)/(-9) - 2/(-6). Let s(l) = -l**3 + 10*l**2 + 10*l + 11. Let t be s(c). Suppose 6*q - q - 235 = t. Calculate the remainder when q is divided by 12.
11
Let w = -424 - -484. Calculate the remainder when w is divided by 24.
12
Suppose 0*i - i = 2. Let s be i/(-4) - (-138)/(-12). What is the remainder when 6 is divided by s/(-4) - 30/40?
0
Suppose 0 = 28*x - 13*x - 375. What is the remainder when 97 is divided by x?
22
Let j(y) = 2*y**2 - 14*y - 3. Calculate the remainder when j(10) is divided by 30.
27
What is the remainder when 312 is divided by (-1640)/(-14) - 140/980?
78
Let k = 293 - 271. Calculate the remainder when k is divided by 22.
0
Let t be 1/7 - (-889)/(-49). Calculate the remainder when 20 is divided by (-1)/(-6) - 177/t.
0
Calculate the remainder when 131/(52/(-8) + 7) is divided by 22.
20
Calculate the remainder when 31 is divided by ((-60)/(-9) - 7)/((-2)/54).
4
Suppose -5*a + 5*v + 0*v + 30 = 0, -4*v = 4*a. Calculate the remainder when 39 is divided by ((-168)/(-16))/(a/4).
11
Calculate the remainder when 1/(8/2440 + 0) is divided by 42.
11
Suppose -5*w = w - 120. Calculate the remainder when (1 - (-67)/5) + (-8)/w is divided by 6.
2
Let x = 50 + -26. Let r = 49 - 151. Let j = r - -196. What is the remainder when j is divided by x?
22
Let m = 112 + -102. What is the remainder when 47 is divided by m?
7
Let s = 16 - 14. What is the remainder when 106 + -30 - s/2*1 is divided by 26?
23
Let x be 16/(-96) + (-2)/(-12). Suppose -m - 2*m + 282 = x. What is the remainder when m is divided by ((-8)/10)/((-1)/30)?
22
Let b(v) = 2*v - 29. Let m be b(14). Let p = m - -3. Suppose 0 = -4*n - 2*w - p*w + 32, 3*n = -w + 28. Calculate the remainder when 28 is divided by n.
8
Suppose -3